{"id":624,"date":"2023-03-14T21:00:42","date_gmt":"2023-03-15T00:00:42","guid":{"rendered":"https:\/\/edyrio.com\/abcpampa\/?post_type=classificados&#038;p=624"},"modified":"2023-04-22T10:13:23","modified_gmt":"2023-04-22T13:13:23","slug":"garanhao-pampa","status":"publish","type":"classificados","link":"https:\/\/edyrio.com\/abcpampa\/classificados\/garanhao-pampa\/","title":{"rendered":"Garanh\u00e3o Pampa"},"content":{"rendered":"\n<p>Lorem ipsum dolor sit amet, consectetur adipiscing elit. Nullam rutrum nisi felis, eu accumsan arcu aliquet non. Nunc blandit dapibus pretium. Duis urna magna, maximus ut ullamcorper consequat, venenatis id lorem. Fusce sollicitudin, augue vitae commodo mollis, nulla tellus commodo lorem, et condimentum turpis felis at leo. Orci varius natoque penatibus et magnis dis parturient montes, nascetur ridiculus mus. Ut fermentum ligula id orci rhoncus pharetra. Morbi non arcu elementum, auctor nibh non, varius tellus. Proin vitae augue et massa faucibus dignissim. Maecenas eu massa id turpis dignissim imperdiet. Proin quam turpis, fermentum quis iaculis et, sagittis quis erat.<\/p>\n","protected":false},"featured_media":625,"parent":0,"comment_status":"open","ping_status":"closed","template":"","categoria_classificados":[63],"class_list":["post-624","classificados","type-classificados","status-publish","has-post-thumbnail","hentry","categoria_classificados-garanhoes"],"yoast_head":"<!-- This site is optimized with the Yoast SEO plugin v20.5 - https:\/\/yoast.com\/wordpress\/plugins\/seo\/ -->\n<title>Garanh\u00e3o Pampa - Associa\u00e7\u00e3o Brasileira dos Criadores do Cavalo Pampa - ABCPAMPA<\/title>\n<meta name=\"robots\" content=\"index, follow, max-snippet:-1, max-image-preview:large, max-video-preview:-1\" \/>\n<link rel=\"canonical\" href=\"https:\/\/edyrio.com\/abcpampa\/classificados\/garanhao-pampa\/\" \/>\n<meta property=\"og:locale\" content=\"pt_BR\" \/>\n<meta property=\"og:type\" content=\"article\" \/>\n<meta property=\"og:title\" content=\"Garanh\u00e3o Pampa - Associa\u00e7\u00e3o Brasileira dos Criadores do Cavalo Pampa - ABCPAMPA\" \/>\n<meta property=\"og:description\" content=\"Lorem ipsum dolor sit amet, consectetur adipiscing elit. Nullam rutrum nisi felis, eu accumsan arcu aliquet non. Nunc blandit dapibus pretium. Duis urna magna, maximus ut ullamcorper consequat, venenatis id lorem. Fusce sollicitudin, augue vitae commodo mollis, nulla tellus commodo lorem, et condimentum turpis felis at leo. Orci varius natoque penatibus et magnis dis parturient [&hellip;]\" \/>\n<meta property=\"og:url\" content=\"https:\/\/edyrio.com\/abcpampa\/classificados\/garanhao-pampa\/\" \/>\n<meta property=\"og:site_name\" content=\"Associa\u00e7\u00e3o Brasileira dos Criadores do Cavalo Pampa - ABCPAMPA\" \/>\n<meta property=\"article:publisher\" content=\"https:\/\/www.facebook.com\/abcpampa\/\" \/>\n<meta property=\"article:modified_time\" content=\"2023-04-22T13:13:23+00:00\" \/>\n<meta property=\"og:image\" content=\"https:\/\/edyrio.com\/abcpampa\/wp-content\/uploads\/2023\/03\/ABCPAMPA_072078-1.jpg\" \/>\n\t<meta property=\"og:image:width\" content=\"960\" \/>\n\t<meta property=\"og:image:height\" content=\"638\" \/>\n\t<meta property=\"og:image:type\" content=\"image\/jpeg\" \/>\n<meta name=\"twitter:card\" content=\"summary_large_image\" \/>\n<meta name=\"twitter:label1\" content=\"Est. tempo de leitura\" \/>\n\t<meta name=\"twitter:data1\" content=\"1 minuto\" \/>\n<script type=\"application\/ld+json\" class=\"yoast-schema-graph\">{\"@context\":\"https:\/\/schema.org\",\"@graph\":[{\"@type\":\"WebPage\",\"@id\":\"https:\/\/edyrio.com\/abcpampa\/classificados\/garanhao-pampa\/\",\"url\":\"https:\/\/edyrio.com\/abcpampa\/classificados\/garanhao-pampa\/\",\"name\":\"Garanh\u00e3o Pampa - Associa\u00e7\u00e3o Brasileira dos Criadores do Cavalo Pampa - ABCPAMPA\",\"isPartOf\":{\"@id\":\"https:\/\/edyrio.com\/abcpampa\/#website\"},\"datePublished\":\"2023-03-15T00:00:42+00:00\",\"dateModified\":\"2023-04-22T13:13:23+00:00\",\"breadcrumb\":{\"@id\":\"https:\/\/edyrio.com\/abcpampa\/classificados\/garanhao-pampa\/#breadcrumb\"},\"inLanguage\":\"pt-BR\",\"potentialAction\":[{\"@type\":\"ReadAction\",\"target\":[\"https:\/\/edyrio.com\/abcpampa\/classificados\/garanhao-pampa\/\"]}]},{\"@type\":\"BreadcrumbList\",\"@id\":\"https:\/\/edyrio.com\/abcpampa\/classificados\/garanhao-pampa\/#breadcrumb\",\"itemListElement\":[{\"@type\":\"ListItem\",\"position\":1,\"name\":\"In\u00edcio\",\"item\":\"https:\/\/edyrio.com\/abcpampa\/\"},{\"@type\":\"ListItem\",\"position\":2,\"name\":\"Classificados\",\"item\":\"https:\/\/edyrio.com\/abcpampa\/classificados\/\"},{\"@type\":\"ListItem\",\"position\":3,\"name\":\"Cavalos Pampa\",\"item\":\"https:\/\/edyrio.com\/abcpampa\/categoria-classificados\/cavalos-pampa\/\"},{\"@type\":\"ListItem\",\"position\":4,\"name\":\"Garanh\u00e3o Pampa\"}]},{\"@type\":\"WebSite\",\"@id\":\"https:\/\/edyrio.com\/abcpampa\/#website\",\"url\":\"https:\/\/edyrio.com\/abcpampa\/\",\"name\":\"ABCPAMPA - Associa\u00e7\u00e3o Brasileira dos Criadores do Cavalo Pampa\",\"description\":\"Associa\u00e7\u00e3o foi criada para fomentar a cria\u00e7\u00e3o do cavalo Pampa em todo o pa\u00eds, congregando criadores, propriet\u00e1rios e usu\u00e1rios, realizando e supervisionando o Servi\u00e7o de Registro Geneal\u00f3gico, promovendo exposi\u00e7\u00f5es e leil\u00f5es, apoiando pesquisas, simp\u00f3sios, congressos e semin\u00e1rios em torno do cavalo Pampa.\",\"publisher\":{\"@id\":\"https:\/\/edyrio.com\/abcpampa\/#organization\"},\"potentialAction\":[{\"@type\":\"SearchAction\",\"target\":{\"@type\":\"EntryPoint\",\"urlTemplate\":\"https:\/\/edyrio.com\/abcpampa\/?s={search_term_string}\"},\"query-input\":\"required name=search_term_string\"}],\"inLanguage\":\"pt-BR\"},{\"@type\":\"Organization\",\"@id\":\"https:\/\/edyrio.com\/abcpampa\/#organization\",\"name\":\"ABCPAMPA - Associa\u00e7\u00e3o Brasileira dos Criadores do Cavalo Pampa\",\"url\":\"https:\/\/edyrio.com\/abcpampa\/\",\"logo\":{\"@type\":\"ImageObject\",\"inLanguage\":\"pt-BR\",\"@id\":\"https:\/\/edyrio.com\/abcpampa\/#\/schema\/logo\/image\/\",\"url\":\"https:\/\/edyrio.com\/abcpampa\/wp-content\/uploads\/2023\/02\/logo.png\",\"contentUrl\":\"https:\/\/edyrio.com\/abcpampa\/wp-content\/uploads\/2023\/02\/logo.png\",\"width\":2366,\"height\":624,\"caption\":\"ABCPAMPA - Associa\u00e7\u00e3o Brasileira dos Criadores do Cavalo Pampa\"},\"image\":{\"@id\":\"https:\/\/edyrio.com\/abcpampa\/#\/schema\/logo\/image\/\"},\"sameAs\":[\"https:\/\/www.facebook.com\/abcpampa\/\",\"https:\/\/www.youtube.com\/user\/abcpampa\"]}]}<\/script>\n<!-- \/ Yoast SEO plugin. -->","yoast_head_json":{"title":"Garanh\u00e3o Pampa - Associa\u00e7\u00e3o Brasileira dos Criadores do Cavalo Pampa - ABCPAMPA","robots":{"index":"index","follow":"follow","max-snippet":"max-snippet:-1","max-image-preview":"max-image-preview:large","max-video-preview":"max-video-preview:-1"},"canonical":"https:\/\/edyrio.com\/abcpampa\/classificados\/garanhao-pampa\/","og_locale":"pt_BR","og_type":"article","og_title":"Garanh\u00e3o Pampa - Associa\u00e7\u00e3o Brasileira dos Criadores do Cavalo Pampa - ABCPAMPA","og_description":"Lorem ipsum dolor sit amet, consectetur adipiscing elit. Nullam rutrum nisi felis, eu accumsan arcu aliquet non. Nunc blandit dapibus pretium. Duis urna magna, maximus ut ullamcorper consequat, venenatis id lorem. Fusce sollicitudin, augue vitae commodo mollis, nulla tellus commodo lorem, et condimentum turpis felis at leo. Orci varius natoque penatibus et magnis dis parturient [&hellip;]","og_url":"https:\/\/edyrio.com\/abcpampa\/classificados\/garanhao-pampa\/","og_site_name":"Associa\u00e7\u00e3o Brasileira dos Criadores do Cavalo Pampa - ABCPAMPA","article_publisher":"https:\/\/www.facebook.com\/abcpampa\/","article_modified_time":"2023-04-22T13:13:23+00:00","og_image":[{"width":960,"height":638,"url":"https:\/\/edyrio.com\/abcpampa\/wp-content\/uploads\/2023\/03\/ABCPAMPA_072078-1.jpg","type":"image\/jpeg"}],"twitter_card":"summary_large_image","twitter_misc":{"Est. tempo de leitura":"1 minuto"},"schema":{"@context":"https:\/\/schema.org","@graph":[{"@type":"WebPage","@id":"https:\/\/edyrio.com\/abcpampa\/classificados\/garanhao-pampa\/","url":"https:\/\/edyrio.com\/abcpampa\/classificados\/garanhao-pampa\/","name":"Garanh\u00e3o Pampa - Associa\u00e7\u00e3o Brasileira dos Criadores do Cavalo Pampa - ABCPAMPA","isPartOf":{"@id":"https:\/\/edyrio.com\/abcpampa\/#website"},"datePublished":"2023-03-15T00:00:42+00:00","dateModified":"2023-04-22T13:13:23+00:00","breadcrumb":{"@id":"https:\/\/edyrio.com\/abcpampa\/classificados\/garanhao-pampa\/#breadcrumb"},"inLanguage":"pt-BR","potentialAction":[{"@type":"ReadAction","target":["https:\/\/edyrio.com\/abcpampa\/classificados\/garanhao-pampa\/"]}]},{"@type":"BreadcrumbList","@id":"https:\/\/edyrio.com\/abcpampa\/classificados\/garanhao-pampa\/#breadcrumb","itemListElement":[{"@type":"ListItem","position":1,"name":"In\u00edcio","item":"https:\/\/edyrio.com\/abcpampa\/"},{"@type":"ListItem","position":2,"name":"Classificados","item":"https:\/\/edyrio.com\/abcpampa\/classificados\/"},{"@type":"ListItem","position":3,"name":"Cavalos Pampa","item":"https:\/\/edyrio.com\/abcpampa\/categoria-classificados\/cavalos-pampa\/"},{"@type":"ListItem","position":4,"name":"Garanh\u00e3o Pampa"}]},{"@type":"WebSite","@id":"https:\/\/edyrio.com\/abcpampa\/#website","url":"https:\/\/edyrio.com\/abcpampa\/","name":"ABCPAMPA - Associa\u00e7\u00e3o Brasileira dos Criadores do Cavalo Pampa","description":"Associa\u00e7\u00e3o foi criada para fomentar a cria\u00e7\u00e3o do cavalo Pampa em todo o pa\u00eds, congregando criadores, propriet\u00e1rios e usu\u00e1rios, realizando e supervisionando o Servi\u00e7o de Registro Geneal\u00f3gico, promovendo exposi\u00e7\u00f5es e leil\u00f5es, apoiando pesquisas, simp\u00f3sios, congressos e semin\u00e1rios em torno do cavalo Pampa.","publisher":{"@id":"https:\/\/edyrio.com\/abcpampa\/#organization"},"potentialAction":[{"@type":"SearchAction","target":{"@type":"EntryPoint","urlTemplate":"https:\/\/edyrio.com\/abcpampa\/?s={search_term_string}"},"query-input":"required name=search_term_string"}],"inLanguage":"pt-BR"},{"@type":"Organization","@id":"https:\/\/edyrio.com\/abcpampa\/#organization","name":"ABCPAMPA - Associa\u00e7\u00e3o Brasileira dos Criadores do Cavalo Pampa","url":"https:\/\/edyrio.com\/abcpampa\/","logo":{"@type":"ImageObject","inLanguage":"pt-BR","@id":"https:\/\/edyrio.com\/abcpampa\/#\/schema\/logo\/image\/","url":"https:\/\/edyrio.com\/abcpampa\/wp-content\/uploads\/2023\/02\/logo.png","contentUrl":"https:\/\/edyrio.com\/abcpampa\/wp-content\/uploads\/2023\/02\/logo.png","width":2366,"height":624,"caption":"ABCPAMPA - Associa\u00e7\u00e3o Brasileira dos Criadores do Cavalo Pampa"},"image":{"@id":"https:\/\/edyrio.com\/abcpampa\/#\/schema\/logo\/image\/"},"sameAs":["https:\/\/www.facebook.com\/abcpampa\/","https:\/\/www.youtube.com\/user\/abcpampa"]}]}},"_links":{"self":[{"href":"https:\/\/edyrio.com\/abcpampa\/wp-json\/wp\/v2\/classificados\/624","targetHints":{"allow":["GET"]}}],"collection":[{"href":"https:\/\/edyrio.com\/abcpampa\/wp-json\/wp\/v2\/classificados"}],"about":[{"href":"https:\/\/edyrio.com\/abcpampa\/wp-json\/wp\/v2\/types\/classificados"}],"replies":[{"embeddable":true,"href":"https:\/\/edyrio.com\/abcpampa\/wp-json\/wp\/v2\/comments?post=624"}],"wp:featuredmedia":[{"embeddable":true,"href":"https:\/\/edyrio.com\/abcpampa\/wp-json\/wp\/v2\/media\/625"}],"wp:attachment":[{"href":"https:\/\/edyrio.com\/abcpampa\/wp-json\/wp\/v2\/media?parent=624"}],"wp:term":[{"taxonomy":"categoria_classificados","embeddable":true,"href":"https:\/\/edyrio.com\/abcpampa\/wp-json\/wp\/v2\/categoria_classificados?post=624"}],"curies":[{"name":"wp","href":"https:\/\/api.w.org\/{rel}","templated":true}]}}

Garanhão Pampa

<!-- This site is optimized with the Yoast SEO plugin v20.5 - https://yoast.com/wordpress/plugins/seo/ -->
<title>Garanhão Pampa - Associação Brasileira dos Criadores do Cavalo Pampa - ABCPAMPA</title>
<meta name="robots" content="index, follow, max-snippet:-1, max-image-preview:large, max-video-preview:-1" />
<link rel="canonical" href="https://edyrio.com/abcpampa/classificados/garanhao-pampa/" />
<meta property="og:locale" content="pt_BR" />
<meta property="og:type" content="article" />
<meta property="og:title" content="Garanhão Pampa - Associação Brasileira dos Criadores do Cavalo Pampa - ABCPAMPA" />
<meta property="og:description" content="Lorem ipsum dolor sit amet, consectetur adipiscing elit. Nullam rutrum nisi felis, eu accumsan arcu aliquet non. Nunc blandit dapibus pretium. Duis urna magna, maximus ut ullamcorper consequat, venenatis id lorem. Fusce sollicitudin, augue vitae commodo mollis, nulla tellus commodo lorem, et condimentum turpis felis at leo. Orci varius natoque penatibus et magnis dis parturient [&hellip;]" />
<meta property="og:url" content="https://edyrio.com/abcpampa/classificados/garanhao-pampa/" />
<meta property="og:site_name" content="Associação Brasileira dos Criadores do Cavalo Pampa - ABCPAMPA" />
<meta property="article:publisher" content="https://www.facebook.com/abcpampa/" />
<meta property="article:modified_time" content="2023-04-22T13:13:23+00:00" />
<meta property="og:image" content="https://edyrio.com/abcpampa/wp-content/uploads/2023/03/ABCPAMPA_072078-1.jpg" />
	<meta property="og:image:width" content="960" />
	<meta property="og:image:height" content="638" />
	<meta property="og:image:type" content="image/jpeg" />
<meta name="twitter:card" content="summary_large_image" />
<meta name="twitter:label1" content="Est. tempo de leitura" />
	<meta name="twitter:data1" content="1 minuto" />
<script type="application/ld+json" class="yoast-schema-graph">{"@context":"https://schema.org","@graph":[{"@type":"WebPage","@id":"https://edyrio.com/abcpampa/classificados/garanhao-pampa/","url":"https://edyrio.com/abcpampa/classificados/garanhao-pampa/","name":"Garanhão Pampa - Associação Brasileira dos Criadores do Cavalo Pampa - ABCPAMPA","isPartOf":{"@id":"https://edyrio.com/abcpampa/#website"},"datePublished":"2023-03-15T00:00:42+00:00","dateModified":"2023-04-22T13:13:23+00:00","breadcrumb":{"@id":"https://edyrio.com/abcpampa/classificados/garanhao-pampa/#breadcrumb"},"inLanguage":"pt-BR","potentialAction":[{"@type":"ReadAction","target":["https://edyrio.com/abcpampa/classificados/garanhao-pampa/"]}]},{"@type":"BreadcrumbList","@id":"https://edyrio.com/abcpampa/classificados/garanhao-pampa/#breadcrumb","itemListElement":[{"@type":"ListItem","position":1,"name":"Início","item":"https://edyrio.com/abcpampa/"},{"@type":"ListItem","position":2,"name":"Classificados","item":"https://edyrio.com/abcpampa/classificados/"},{"@type":"ListItem","position":3,"name":"Cavalos Pampa","item":"https://edyrio.com/abcpampa/categoria-classificados/cavalos-pampa/"},{"@type":"ListItem","position":4,"name":"Garanhão Pampa"}]},{"@type":"WebSite","@id":"https://edyrio.com/abcpampa/#website","url":"https://edyrio.com/abcpampa/","name":"ABCPAMPA - Associação Brasileira dos Criadores do Cavalo Pampa","description":"Associação foi criada para fomentar a criação do cavalo Pampa em todo o país, congregando criadores, proprietários e usuários, realizando e supervisionando o Serviço de Registro Genealógico, promovendo exposições e leilões, apoiando pesquisas, simpósios, congressos e seminários em torno do cavalo Pampa.","publisher":{"@id":"https://edyrio.com/abcpampa/#organization"},"potentialAction":[{"@type":"SearchAction","target":{"@type":"EntryPoint","urlTemplate":"https://edyrio.com/abcpampa/?s={search_term_string}"},"query-input":"required name=search_term_string"}],"inLanguage":"pt-BR"},{"@type":"Organization","@id":"https://edyrio.com/abcpampa/#organization","name":"ABCPAMPA - Associação Brasileira dos Criadores do Cavalo Pampa","url":"https://edyrio.com/abcpampa/","logo":{"@type":"ImageObject","inLanguage":"pt-BR","@id":"https://edyrio.com/abcpampa/#/schema/logo/image/","url":"https://edyrio.com/abcpampa/wp-content/uploads/2023/02/logo.png","contentUrl":"https://edyrio.com/abcpampa/wp-content/uploads/2023/02/logo.png","width":2366,"height":624,"caption":"ABCPAMPA - Associação Brasileira dos Criadores do Cavalo Pampa"},"image":{"@id":"https://edyrio.com/abcpampa/#/schema/logo/image/"},"sameAs":["https://www.facebook.com/abcpampa/","https://www.youtube.com/user/abcpampa"]}]}</script>
<!-- / Yoast SEO plugin. -->

Garanhão Pampa - Associação Brasileira dos Criadores do Cavalo Pampa - ABCPAMPA

Associação Brasileira dos Criadores do Cavalo Pampa - ABCPAMPA

Início

ABCPAMPA - Associação Brasileira dos Criadores do Cavalo Pampa

Associação foi criada para fomentar a criação do cavalo Pampa em todo o país, congregando criadores, proprietários e usuários, realizando e supervisionando o Serviço de Registro Genealógico, promovendo exposições e leilões, apoiando pesquisas, simpósios, congressos e seminários em torno do cavalo Pampa.
