{"id":630,"date":"2023-03-14T21:21:53","date_gmt":"2023-03-15T00:21:53","guid":{"rendered":"https:\/\/edyrio.com\/abcpampa\/?post_type=classificados&#038;p=630"},"modified":"2023-04-22T10:13:13","modified_gmt":"2023-04-22T13:13:13","slug":"compro-pedra-de-fel-bovina","status":"publish","type":"classificados","link":"https:\/\/edyrio.com\/abcpampa\/classificados\/compro-pedra-de-fel-bovina\/","title":{"rendered":"COMPRO Pedra de Fel Bovina"},"content":{"rendered":"\n<p>Quisque vitae tellus non diam blandit iaculis. Integer mattis congue vehicula. Mauris imperdiet quam non magna dapibus convallis. Suspendisse potenti. Nullam ut sagittis diam. Nunc varius vehicula massa et lacinia. Donec vitae eros vel urna placerat ultricies eget a dui. Morbi ultrices a nunc ac pulvinar. Sed viverra, ipsum sed ornare vehicula, nisl nibh auctor odio, vel dictum leo lorem id enim. Sed dolor metus, pharetra ut dui sit amet, mollis tempus lorem. Interdum et malesuada fames ac ante ipsum primis in faucibus. Integer eget nisi justo. Mauris sit amet ornare arcu, at commodo sem.<\/p>\n","protected":false},"featured_media":537,"parent":0,"comment_status":"open","ping_status":"closed","template":"","categoria_classificados":[41],"class_list":["post-630","classificados","type-classificados","status-publish","has-post-thumbnail","hentry","categoria_classificados-diversos"],"yoast_head":"<!-- This site is optimized with the Yoast SEO plugin v20.5 - https:\/\/yoast.com\/wordpress\/plugins\/seo\/ -->\n<title>COMPRO Pedra de Fel Bovina - Associa\u00e7\u00e3o Brasileira dos Criadores do Cavalo Pampa - ABCPAMPA<\/title>\n<meta name=\"robots\" content=\"index, follow, max-snippet:-1, max-image-preview:large, max-video-preview:-1\" \/>\n<link rel=\"canonical\" href=\"https:\/\/edyrio.com\/abcpampa\/classificados\/compro-pedra-de-fel-bovina\/\" \/>\n<meta property=\"og:locale\" content=\"pt_BR\" \/>\n<meta property=\"og:type\" content=\"article\" \/>\n<meta property=\"og:title\" content=\"COMPRO Pedra de Fel Bovina - Associa\u00e7\u00e3o Brasileira dos Criadores do Cavalo Pampa - ABCPAMPA\" \/>\n<meta property=\"og:description\" content=\"Quisque vitae tellus non diam blandit iaculis. Integer mattis congue vehicula. Mauris imperdiet quam non magna dapibus convallis. Suspendisse potenti. Nullam ut sagittis diam. Nunc varius vehicula massa et lacinia. Donec vitae eros vel urna placerat ultricies eget a dui. Morbi ultrices a nunc ac pulvinar. Sed viverra, ipsum sed ornare vehicula, nisl nibh auctor [&hellip;]\" \/>\n<meta property=\"og:url\" content=\"https:\/\/edyrio.com\/abcpampa\/classificados\/compro-pedra-de-fel-bovina\/\" \/>\n<meta property=\"og:site_name\" content=\"Associa\u00e7\u00e3o Brasileira dos Criadores do Cavalo Pampa - ABCPAMPA\" \/>\n<meta property=\"article:publisher\" content=\"https:\/\/www.facebook.com\/abcpampa\/\" \/>\n<meta property=\"article:modified_time\" content=\"2023-04-22T13:13:13+00:00\" \/>\n<meta property=\"og:image\" content=\"https:\/\/edyrio.com\/abcpampa\/wp-content\/uploads\/2023\/03\/ABCPAMPA_066039.jpg\" \/>\n\t<meta property=\"og:image:width\" content=\"620\" \/>\n\t<meta property=\"og:image:height\" content=\"400\" \/>\n\t<meta property=\"og:image:type\" content=\"image\/jpeg\" \/>\n<meta name=\"twitter:card\" content=\"summary_large_image\" \/>\n<meta name=\"twitter:label1\" content=\"Est. tempo de leitura\" \/>\n\t<meta name=\"twitter:data1\" content=\"1 minuto\" \/>\n<script type=\"application\/ld+json\" class=\"yoast-schema-graph\">{\"@context\":\"https:\/\/schema.org\",\"@graph\":[{\"@type\":\"WebPage\",\"@id\":\"https:\/\/edyrio.com\/abcpampa\/classificados\/compro-pedra-de-fel-bovina\/\",\"url\":\"https:\/\/edyrio.com\/abcpampa\/classificados\/compro-pedra-de-fel-bovina\/\",\"name\":\"COMPRO Pedra de Fel Bovina - Associa\u00e7\u00e3o Brasileira dos Criadores do Cavalo Pampa - ABCPAMPA\",\"isPartOf\":{\"@id\":\"https:\/\/edyrio.com\/abcpampa\/#website\"},\"datePublished\":\"2023-03-15T00:21:53+00:00\",\"dateModified\":\"2023-04-22T13:13:13+00:00\",\"breadcrumb\":{\"@id\":\"https:\/\/edyrio.com\/abcpampa\/classificados\/compro-pedra-de-fel-bovina\/#breadcrumb\"},\"inLanguage\":\"pt-BR\",\"potentialAction\":[{\"@type\":\"ReadAction\",\"target\":[\"https:\/\/edyrio.com\/abcpampa\/classificados\/compro-pedra-de-fel-bovina\/\"]}]},{\"@type\":\"BreadcrumbList\",\"@id\":\"https:\/\/edyrio.com\/abcpampa\/classificados\/compro-pedra-de-fel-bovina\/#breadcrumb\",\"itemListElement\":[{\"@type\":\"ListItem\",\"position\":1,\"name\":\"In\u00edcio\",\"item\":\"https:\/\/edyrio.com\/abcpampa\/\"},{\"@type\":\"ListItem\",\"position\":2,\"name\":\"Classificados\",\"item\":\"https:\/\/edyrio.com\/abcpampa\/classificados\/\"},{\"@type\":\"ListItem\",\"position\":3,\"name\":\"Cavalos Pampa\",\"item\":\"https:\/\/edyrio.com\/abcpampa\/categoria-classificados\/cavalos-pampa\/\"},{\"@type\":\"ListItem\",\"position\":4,\"name\":\"COMPRO Pedra de Fel Bovina\"}]},{\"@type\":\"WebSite\",\"@id\":\"https:\/\/edyrio.com\/abcpampa\/#website\",\"url\":\"https:\/\/edyrio.com\/abcpampa\/\",\"name\":\"ABCPAMPA - Associa\u00e7\u00e3o Brasileira dos Criadores do Cavalo Pampa\",\"description\":\"Associa\u00e7\u00e3o foi criada para fomentar a cria\u00e7\u00e3o do cavalo Pampa em todo o pa\u00eds, congregando criadores, propriet\u00e1rios e usu\u00e1rios, realizando e supervisionando o Servi\u00e7o de Registro Geneal\u00f3gico, promovendo exposi\u00e7\u00f5es e leil\u00f5es, apoiando pesquisas, simp\u00f3sios, congressos e semin\u00e1rios em torno do cavalo Pampa.\",\"publisher\":{\"@id\":\"https:\/\/edyrio.com\/abcpampa\/#organization\"},\"potentialAction\":[{\"@type\":\"SearchAction\",\"target\":{\"@type\":\"EntryPoint\",\"urlTemplate\":\"https:\/\/edyrio.com\/abcpampa\/?s={search_term_string}\"},\"query-input\":\"required name=search_term_string\"}],\"inLanguage\":\"pt-BR\"},{\"@type\":\"Organization\",\"@id\":\"https:\/\/edyrio.com\/abcpampa\/#organization\",\"name\":\"ABCPAMPA - Associa\u00e7\u00e3o Brasileira dos Criadores do Cavalo Pampa\",\"url\":\"https:\/\/edyrio.com\/abcpampa\/\",\"logo\":{\"@type\":\"ImageObject\",\"inLanguage\":\"pt-BR\",\"@id\":\"https:\/\/edyrio.com\/abcpampa\/#\/schema\/logo\/image\/\",\"url\":\"https:\/\/edyrio.com\/abcpampa\/wp-content\/uploads\/2023\/02\/logo.png\",\"contentUrl\":\"https:\/\/edyrio.com\/abcpampa\/wp-content\/uploads\/2023\/02\/logo.png\",\"width\":2366,\"height\":624,\"caption\":\"ABCPAMPA - Associa\u00e7\u00e3o Brasileira dos Criadores do Cavalo Pampa\"},\"image\":{\"@id\":\"https:\/\/edyrio.com\/abcpampa\/#\/schema\/logo\/image\/\"},\"sameAs\":[\"https:\/\/www.facebook.com\/abcpampa\/\",\"https:\/\/www.youtube.com\/user\/abcpampa\"]}]}<\/script>\n<!-- \/ Yoast SEO plugin. -->","yoast_head_json":{"title":"COMPRO Pedra de Fel Bovina - Associa\u00e7\u00e3o Brasileira dos Criadores do Cavalo Pampa - ABCPAMPA","robots":{"index":"index","follow":"follow","max-snippet":"max-snippet:-1","max-image-preview":"max-image-preview:large","max-video-preview":"max-video-preview:-1"},"canonical":"https:\/\/edyrio.com\/abcpampa\/classificados\/compro-pedra-de-fel-bovina\/","og_locale":"pt_BR","og_type":"article","og_title":"COMPRO Pedra de Fel Bovina - Associa\u00e7\u00e3o Brasileira dos Criadores do Cavalo Pampa - ABCPAMPA","og_description":"Quisque vitae tellus non diam blandit iaculis. Integer mattis congue vehicula. Mauris imperdiet quam non magna dapibus convallis. Suspendisse potenti. Nullam ut sagittis diam. Nunc varius vehicula massa et lacinia. Donec vitae eros vel urna placerat ultricies eget a dui. Morbi ultrices a nunc ac pulvinar. Sed viverra, ipsum sed ornare vehicula, nisl nibh auctor [&hellip;]","og_url":"https:\/\/edyrio.com\/abcpampa\/classificados\/compro-pedra-de-fel-bovina\/","og_site_name":"Associa\u00e7\u00e3o Brasileira dos Criadores do Cavalo Pampa - ABCPAMPA","article_publisher":"https:\/\/www.facebook.com\/abcpampa\/","article_modified_time":"2023-04-22T13:13:13+00:00","og_image":[{"width":620,"height":400,"url":"https:\/\/edyrio.com\/abcpampa\/wp-content\/uploads\/2023\/03\/ABCPAMPA_066039.jpg","type":"image\/jpeg"}],"twitter_card":"summary_large_image","twitter_misc":{"Est. tempo de leitura":"1 minuto"},"schema":{"@context":"https:\/\/schema.org","@graph":[{"@type":"WebPage","@id":"https:\/\/edyrio.com\/abcpampa\/classificados\/compro-pedra-de-fel-bovina\/","url":"https:\/\/edyrio.com\/abcpampa\/classificados\/compro-pedra-de-fel-bovina\/","name":"COMPRO Pedra de Fel Bovina - Associa\u00e7\u00e3o Brasileira dos Criadores do Cavalo Pampa - ABCPAMPA","isPartOf":{"@id":"https:\/\/edyrio.com\/abcpampa\/#website"},"datePublished":"2023-03-15T00:21:53+00:00","dateModified":"2023-04-22T13:13:13+00:00","breadcrumb":{"@id":"https:\/\/edyrio.com\/abcpampa\/classificados\/compro-pedra-de-fel-bovina\/#breadcrumb"},"inLanguage":"pt-BR","potentialAction":[{"@type":"ReadAction","target":["https:\/\/edyrio.com\/abcpampa\/classificados\/compro-pedra-de-fel-bovina\/"]}]},{"@type":"BreadcrumbList","@id":"https:\/\/edyrio.com\/abcpampa\/classificados\/compro-pedra-de-fel-bovina\/#breadcrumb","itemListElement":[{"@type":"ListItem","position":1,"name":"In\u00edcio","item":"https:\/\/edyrio.com\/abcpampa\/"},{"@type":"ListItem","position":2,"name":"Classificados","item":"https:\/\/edyrio.com\/abcpampa\/classificados\/"},{"@type":"ListItem","position":3,"name":"Cavalos Pampa","item":"https:\/\/edyrio.com\/abcpampa\/categoria-classificados\/cavalos-pampa\/"},{"@type":"ListItem","position":4,"name":"COMPRO Pedra de Fel Bovina"}]},{"@type":"WebSite","@id":"https:\/\/edyrio.com\/abcpampa\/#website","url":"https:\/\/edyrio.com\/abcpampa\/","name":"ABCPAMPA - Associa\u00e7\u00e3o Brasileira dos Criadores do Cavalo Pampa","description":"Associa\u00e7\u00e3o foi criada para fomentar a cria\u00e7\u00e3o do cavalo Pampa em todo o pa\u00eds, congregando criadores, propriet\u00e1rios e usu\u00e1rios, realizando e supervisionando o Servi\u00e7o de Registro Geneal\u00f3gico, promovendo exposi\u00e7\u00f5es e leil\u00f5es, apoiando pesquisas, simp\u00f3sios, congressos e semin\u00e1rios em torno do cavalo Pampa.","publisher":{"@id":"https:\/\/edyrio.com\/abcpampa\/#organization"},"potentialAction":[{"@type":"SearchAction","target":{"@type":"EntryPoint","urlTemplate":"https:\/\/edyrio.com\/abcpampa\/?s={search_term_string}"},"query-input":"required name=search_term_string"}],"inLanguage":"pt-BR"},{"@type":"Organization","@id":"https:\/\/edyrio.com\/abcpampa\/#organization","name":"ABCPAMPA - Associa\u00e7\u00e3o Brasileira dos Criadores do Cavalo Pampa","url":"https:\/\/edyrio.com\/abcpampa\/","logo":{"@type":"ImageObject","inLanguage":"pt-BR","@id":"https:\/\/edyrio.com\/abcpampa\/#\/schema\/logo\/image\/","url":"https:\/\/edyrio.com\/abcpampa\/wp-content\/uploads\/2023\/02\/logo.png","contentUrl":"https:\/\/edyrio.com\/abcpampa\/wp-content\/uploads\/2023\/02\/logo.png","width":2366,"height":624,"caption":"ABCPAMPA - Associa\u00e7\u00e3o Brasileira dos Criadores do Cavalo Pampa"},"image":{"@id":"https:\/\/edyrio.com\/abcpampa\/#\/schema\/logo\/image\/"},"sameAs":["https:\/\/www.facebook.com\/abcpampa\/","https:\/\/www.youtube.com\/user\/abcpampa"]}]}},"_links":{"self":[{"href":"https:\/\/edyrio.com\/abcpampa\/wp-json\/wp\/v2\/classificados\/630","targetHints":{"allow":["GET"]}}],"collection":[{"href":"https:\/\/edyrio.com\/abcpampa\/wp-json\/wp\/v2\/classificados"}],"about":[{"href":"https:\/\/edyrio.com\/abcpampa\/wp-json\/wp\/v2\/types\/classificados"}],"replies":[{"embeddable":true,"href":"https:\/\/edyrio.com\/abcpampa\/wp-json\/wp\/v2\/comments?post=630"}],"wp:featuredmedia":[{"embeddable":true,"href":"https:\/\/edyrio.com\/abcpampa\/wp-json\/wp\/v2\/media\/537"}],"wp:attachment":[{"href":"https:\/\/edyrio.com\/abcpampa\/wp-json\/wp\/v2\/media?parent=630"}],"wp:term":[{"taxonomy":"categoria_classificados","embeddable":true,"href":"https:\/\/edyrio.com\/abcpampa\/wp-json\/wp\/v2\/categoria_classificados?post=630"}],"curies":[{"name":"wp","href":"https:\/\/api.w.org\/{rel}","templated":true}]}}

<!-- This site is optimized with the Yoast SEO plugin v20.5 - https://yoast.com/wordpress/plugins/seo/ -->
<title>COMPRO Pedra de Fel Bovina - Associação Brasileira dos Criadores do Cavalo Pampa - ABCPAMPA</title>
<meta name="robots" content="index, follow, max-snippet:-1, max-image-preview:large, max-video-preview:-1" />
<link rel="canonical" href="https://edyrio.com/abcpampa/classificados/compro-pedra-de-fel-bovina/" />
<meta property="og:locale" content="pt_BR" />
<meta property="og:type" content="article" />
<meta property="og:title" content="COMPRO Pedra de Fel Bovina - Associação Brasileira dos Criadores do Cavalo Pampa - ABCPAMPA" />
<meta property="og:description" content="Quisque vitae tellus non diam blandit iaculis. Integer mattis congue vehicula. Mauris imperdiet quam non magna dapibus convallis. Suspendisse potenti. Nullam ut sagittis diam. Nunc varius vehicula massa et lacinia. Donec vitae eros vel urna placerat ultricies eget a dui. Morbi ultrices a nunc ac pulvinar. Sed viverra, ipsum sed ornare vehicula, nisl nibh auctor [&hellip;]" />
<meta property="og:url" content="https://edyrio.com/abcpampa/classificados/compro-pedra-de-fel-bovina/" />
<meta property="og:site_name" content="Associação Brasileira dos Criadores do Cavalo Pampa - ABCPAMPA" />
<meta property="article:publisher" content="https://www.facebook.com/abcpampa/" />
<meta property="article:modified_time" content="2023-04-22T13:13:13+00:00" />
<meta property="og:image" content="https://edyrio.com/abcpampa/wp-content/uploads/2023/03/ABCPAMPA_066039.jpg" />
	<meta property="og:image:width" content="620" />
	<meta property="og:image:height" content="400" />
	<meta property="og:image:type" content="image/jpeg" />
<meta name="twitter:card" content="summary_large_image" />
<meta name="twitter:label1" content="Est. tempo de leitura" />
	<meta name="twitter:data1" content="1 minuto" />
<script type="application/ld+json" class="yoast-schema-graph">{"@context":"https://schema.org","@graph":[{"@type":"WebPage","@id":"https://edyrio.com/abcpampa/classificados/compro-pedra-de-fel-bovina/","url":"https://edyrio.com/abcpampa/classificados/compro-pedra-de-fel-bovina/","name":"COMPRO Pedra de Fel Bovina - Associação Brasileira dos Criadores do Cavalo Pampa - ABCPAMPA","isPartOf":{"@id":"https://edyrio.com/abcpampa/#website"},"datePublished":"2023-03-15T00:21:53+00:00","dateModified":"2023-04-22T13:13:13+00:00","breadcrumb":{"@id":"https://edyrio.com/abcpampa/classificados/compro-pedra-de-fel-bovina/#breadcrumb"},"inLanguage":"pt-BR","potentialAction":[{"@type":"ReadAction","target":["https://edyrio.com/abcpampa/classificados/compro-pedra-de-fel-bovina/"]}]},{"@type":"BreadcrumbList","@id":"https://edyrio.com/abcpampa/classificados/compro-pedra-de-fel-bovina/#breadcrumb","itemListElement":[{"@type":"ListItem","position":1,"name":"Início","item":"https://edyrio.com/abcpampa/"},{"@type":"ListItem","position":2,"name":"Classificados","item":"https://edyrio.com/abcpampa/classificados/"},{"@type":"ListItem","position":3,"name":"Cavalos Pampa","item":"https://edyrio.com/abcpampa/categoria-classificados/cavalos-pampa/"},{"@type":"ListItem","position":4,"name":"COMPRO Pedra de Fel Bovina"}]},{"@type":"WebSite","@id":"https://edyrio.com/abcpampa/#website","url":"https://edyrio.com/abcpampa/","name":"ABCPAMPA - Associação Brasileira dos Criadores do Cavalo Pampa","description":"Associação foi criada para fomentar a criação do cavalo Pampa em todo o país, congregando criadores, proprietários e usuários, realizando e supervisionando o Serviço de Registro Genealógico, promovendo exposições e leilões, apoiando pesquisas, simpósios, congressos e seminários em torno do cavalo Pampa.","publisher":{"@id":"https://edyrio.com/abcpampa/#organization"},"potentialAction":[{"@type":"SearchAction","target":{"@type":"EntryPoint","urlTemplate":"https://edyrio.com/abcpampa/?s={search_term_string}"},"query-input":"required name=search_term_string"}],"inLanguage":"pt-BR"},{"@type":"Organization","@id":"https://edyrio.com/abcpampa/#organization","name":"ABCPAMPA - Associação Brasileira dos Criadores do Cavalo Pampa","url":"https://edyrio.com/abcpampa/","logo":{"@type":"ImageObject","inLanguage":"pt-BR","@id":"https://edyrio.com/abcpampa/#/schema/logo/image/","url":"https://edyrio.com/abcpampa/wp-content/uploads/2023/02/logo.png","contentUrl":"https://edyrio.com/abcpampa/wp-content/uploads/2023/02/logo.png","width":2366,"height":624,"caption":"ABCPAMPA - Associação Brasileira dos Criadores do Cavalo Pampa"},"image":{"@id":"https://edyrio.com/abcpampa/#/schema/logo/image/"},"sameAs":["https://www.facebook.com/abcpampa/","https://www.youtube.com/user/abcpampa"]}]}</script>
<!-- / Yoast SEO plugin. -->

COMPRO Pedra de Fel Bovina - Associação Brasileira dos Criadores do Cavalo Pampa - ABCPAMPA

Associação Brasileira dos Criadores do Cavalo Pampa - ABCPAMPA

Início

ABCPAMPA - Associação Brasileira dos Criadores do Cavalo Pampa

Associação foi criada para fomentar a criação do cavalo Pampa em todo o país, congregando criadores, proprietários e usuários, realizando e supervisionando o Serviço de Registro Genealógico, promovendo exposições e leilões, apoiando pesquisas, simpósios, congressos e seminários em torno do cavalo Pampa.
