{"id":267,"date":"2023-03-06T19:53:04","date_gmt":"2023-03-06T22:53:04","guid":{"rendered":"https:\/\/edyrio.com\/abcpampa\/?page_id=267"},"modified":"2023-03-06T20:09:16","modified_gmt":"2023-03-06T23:09:16","slug":"prestacao-de-contas","status":"publish","type":"page","link":"https:\/\/edyrio.com\/abcpampa\/prestacao-de-contas\/","title":{"rendered":"Presta\u00e7\u00e3o de Contas"},"content":{"rendered":"\t\t<div data-elementor-type=\"wp-page\" data-elementor-id=\"267\" class=\"elementor elementor-267\">\n\t\t\t\t\t\t\t\t\t<section class=\"elementor-section elementor-top-section elementor-element elementor-element-3d5818a6 elementor-section-boxed elementor-section-height-default elementor-section-height-default\" data-id=\"3d5818a6\" data-element_type=\"section\">\n\t\t\t\t\t\t<div class=\"elementor-container elementor-column-gap-default\">\n\t\t\t\t\t<div class=\"elementor-column elementor-col-100 elementor-top-column elementor-element elementor-element-680d2029\" data-id=\"680d2029\" data-element_type=\"column\">\n\t\t\t<div class=\"elementor-widget-wrap elementor-element-populated\">\n\t\t\t\t\t\t\t\t<div class=\"elementor-element elementor-element-b92fc06 elementor-widget elementor-widget-heading\" data-id=\"b92fc06\" data-element_type=\"widget\" data-widget_type=\"heading.default\">\n\t\t\t\t<div class=\"elementor-widget-container\">\n\t\t\t<style>\/*! elementor - v3.12.1 - 02-04-2023 *\/\n.elementor-heading-title{padding:0;margin:0;line-height:1}.elementor-widget-heading .elementor-heading-title[class*=elementor-size-]>a{color:inherit;font-size:inherit;line-height:inherit}.elementor-widget-heading .elementor-heading-title.elementor-size-small{font-size:15px}.elementor-widget-heading .elementor-heading-title.elementor-size-medium{font-size:19px}.elementor-widget-heading .elementor-heading-title.elementor-size-large{font-size:29px}.elementor-widget-heading .elementor-heading-title.elementor-size-xl{font-size:39px}.elementor-widget-heading .elementor-heading-title.elementor-size-xxl{font-size:59px}<\/style><h4 class=\"elementor-heading-title elementor-size-default\">Balan\u00e7o Patrimonial Resumido ABCPAMPA 2010-2011<\/h4>\t\t<\/div>\n\t\t\t\t<\/div>\n\t\t\t\t<div class=\"elementor-element elementor-element-aa4cd9e elementor-widget elementor-widget-html\" data-id=\"aa4cd9e\" data-element_type=\"widget\" data-widget_type=\"html.default\">\n\t\t\t\t<div class=\"elementor-widget-container\">\n\t\t\t<iframe loading=\"lazy\" src=\"https:\/\/edyrio.com\/abcpampa\/wp-content\/uploads\/2023\/03\/abcpampa-prestacao-de-contas-balanco-resumido-2012.pdf\" width=\"100%\" height=\"750\"><\/iframe>\t\t<\/div>\n\t\t\t\t<\/div>\n\t\t\t\t\t<\/div>\n\t\t<\/div>\n\t\t\t\t\t\t\t<\/div>\n\t\t<\/section>\n\t\t\t\t\t\t\t<\/div>\n\t\t","protected":false},"excerpt":{"rendered":"<p>Balan\u00e7o Patrimonial Resumido ABCPAMPA 2010-2011<\/p>\n","protected":false},"author":3,"featured_media":0,"parent":0,"menu_order":0,"comment_status":"closed","ping_status":"closed","template":"","meta":{"footnotes":""},"class_list":["post-267","page","type-page","status-publish","hentry"],"yoast_head":"<!-- This site is optimized with the Yoast SEO plugin v20.5 - https:\/\/yoast.com\/wordpress\/plugins\/seo\/ -->\n<title>Presta\u00e7\u00e3o de Contas - Associa\u00e7\u00e3o Brasileira dos Criadores do Cavalo Pampa - ABCPAMPA<\/title>\n<meta name=\"robots\" content=\"index, follow, max-snippet:-1, max-image-preview:large, max-video-preview:-1\" \/>\n<link rel=\"canonical\" href=\"https:\/\/edyrio.com\/abcpampa\/prestacao-de-contas\/\" \/>\n<meta property=\"og:locale\" content=\"pt_BR\" \/>\n<meta property=\"og:type\" content=\"article\" \/>\n<meta property=\"og:title\" content=\"Presta\u00e7\u00e3o de Contas - Associa\u00e7\u00e3o Brasileira dos Criadores do Cavalo Pampa - ABCPAMPA\" \/>\n<meta property=\"og:description\" content=\"Balan\u00e7o Patrimonial Resumido ABCPAMPA 2010-2011\" \/>\n<meta property=\"og:url\" content=\"https:\/\/edyrio.com\/abcpampa\/prestacao-de-contas\/\" \/>\n<meta property=\"og:site_name\" content=\"Associa\u00e7\u00e3o Brasileira dos Criadores do Cavalo Pampa - ABCPAMPA\" \/>\n<meta property=\"article:publisher\" content=\"https:\/\/www.facebook.com\/abcpampa\/\" \/>\n<meta property=\"article:modified_time\" content=\"2023-03-06T23:09:16+00:00\" \/>\n<meta name=\"twitter:card\" content=\"summary_large_image\" \/>\n<meta name=\"twitter:label1\" content=\"Est. tempo de leitura\" \/>\n\t<meta name=\"twitter:data1\" content=\"1 minuto\" \/>\n<script type=\"application\/ld+json\" class=\"yoast-schema-graph\">{\"@context\":\"https:\/\/schema.org\",\"@graph\":[{\"@type\":\"WebPage\",\"@id\":\"https:\/\/edyrio.com\/abcpampa\/prestacao-de-contas\/\",\"url\":\"https:\/\/edyrio.com\/abcpampa\/prestacao-de-contas\/\",\"name\":\"Presta\u00e7\u00e3o de Contas - Associa\u00e7\u00e3o Brasileira dos Criadores do Cavalo Pampa - ABCPAMPA\",\"isPartOf\":{\"@id\":\"https:\/\/edyrio.com\/abcpampa\/#website\"},\"datePublished\":\"2023-03-06T22:53:04+00:00\",\"dateModified\":\"2023-03-06T23:09:16+00:00\",\"breadcrumb\":{\"@id\":\"https:\/\/edyrio.com\/abcpampa\/prestacao-de-contas\/#breadcrumb\"},\"inLanguage\":\"pt-BR\",\"potentialAction\":[{\"@type\":\"ReadAction\",\"target\":[\"https:\/\/edyrio.com\/abcpampa\/prestacao-de-contas\/\"]}]},{\"@type\":\"BreadcrumbList\",\"@id\":\"https:\/\/edyrio.com\/abcpampa\/prestacao-de-contas\/#breadcrumb\",\"itemListElement\":[{\"@type\":\"ListItem\",\"position\":1,\"name\":\"In\u00edcio\",\"item\":\"https:\/\/edyrio.com\/abcpampa\/\"},{\"@type\":\"ListItem\",\"position\":2,\"name\":\"Presta\u00e7\u00e3o de Contas\"}]},{\"@type\":\"WebSite\",\"@id\":\"https:\/\/edyrio.com\/abcpampa\/#website\",\"url\":\"https:\/\/edyrio.com\/abcpampa\/\",\"name\":\"ABCPAMPA - Associa\u00e7\u00e3o Brasileira dos Criadores do Cavalo Pampa\",\"description\":\"Associa\u00e7\u00e3o foi criada para fomentar a cria\u00e7\u00e3o do cavalo Pampa em todo o pa\u00eds, congregando criadores, propriet\u00e1rios e usu\u00e1rios, realizando e supervisionando o Servi\u00e7o de Registro Geneal\u00f3gico, promovendo exposi\u00e7\u00f5es e leil\u00f5es, apoiando pesquisas, simp\u00f3sios, congressos e semin\u00e1rios em torno do cavalo Pampa.\",\"publisher\":{\"@id\":\"https:\/\/edyrio.com\/abcpampa\/#organization\"},\"potentialAction\":[{\"@type\":\"SearchAction\",\"target\":{\"@type\":\"EntryPoint\",\"urlTemplate\":\"https:\/\/edyrio.com\/abcpampa\/?s={search_term_string}\"},\"query-input\":\"required name=search_term_string\"}],\"inLanguage\":\"pt-BR\"},{\"@type\":\"Organization\",\"@id\":\"https:\/\/edyrio.com\/abcpampa\/#organization\",\"name\":\"ABCPAMPA - Associa\u00e7\u00e3o Brasileira dos Criadores do Cavalo Pampa\",\"url\":\"https:\/\/edyrio.com\/abcpampa\/\",\"logo\":{\"@type\":\"ImageObject\",\"inLanguage\":\"pt-BR\",\"@id\":\"https:\/\/edyrio.com\/abcpampa\/#\/schema\/logo\/image\/\",\"url\":\"https:\/\/edyrio.com\/abcpampa\/wp-content\/uploads\/2023\/02\/logo.png\",\"contentUrl\":\"https:\/\/edyrio.com\/abcpampa\/wp-content\/uploads\/2023\/02\/logo.png\",\"width\":2366,\"height\":624,\"caption\":\"ABCPAMPA - Associa\u00e7\u00e3o Brasileira dos Criadores do Cavalo Pampa\"},\"image\":{\"@id\":\"https:\/\/edyrio.com\/abcpampa\/#\/schema\/logo\/image\/\"},\"sameAs\":[\"https:\/\/www.facebook.com\/abcpampa\/\",\"https:\/\/www.youtube.com\/user\/abcpampa\"]}]}<\/script>\n<!-- \/ Yoast SEO plugin. -->","yoast_head_json":{"title":"Presta\u00e7\u00e3o de Contas - Associa\u00e7\u00e3o Brasileira dos Criadores do Cavalo Pampa - ABCPAMPA","robots":{"index":"index","follow":"follow","max-snippet":"max-snippet:-1","max-image-preview":"max-image-preview:large","max-video-preview":"max-video-preview:-1"},"canonical":"https:\/\/edyrio.com\/abcpampa\/prestacao-de-contas\/","og_locale":"pt_BR","og_type":"article","og_title":"Presta\u00e7\u00e3o de Contas - Associa\u00e7\u00e3o Brasileira dos Criadores do Cavalo Pampa - ABCPAMPA","og_description":"Balan\u00e7o Patrimonial Resumido ABCPAMPA 2010-2011","og_url":"https:\/\/edyrio.com\/abcpampa\/prestacao-de-contas\/","og_site_name":"Associa\u00e7\u00e3o Brasileira dos Criadores do Cavalo Pampa - ABCPAMPA","article_publisher":"https:\/\/www.facebook.com\/abcpampa\/","article_modified_time":"2023-03-06T23:09:16+00:00","twitter_card":"summary_large_image","twitter_misc":{"Est. tempo de leitura":"1 minuto"},"schema":{"@context":"https:\/\/schema.org","@graph":[{"@type":"WebPage","@id":"https:\/\/edyrio.com\/abcpampa\/prestacao-de-contas\/","url":"https:\/\/edyrio.com\/abcpampa\/prestacao-de-contas\/","name":"Presta\u00e7\u00e3o de Contas - Associa\u00e7\u00e3o Brasileira dos Criadores do Cavalo Pampa - ABCPAMPA","isPartOf":{"@id":"https:\/\/edyrio.com\/abcpampa\/#website"},"datePublished":"2023-03-06T22:53:04+00:00","dateModified":"2023-03-06T23:09:16+00:00","breadcrumb":{"@id":"https:\/\/edyrio.com\/abcpampa\/prestacao-de-contas\/#breadcrumb"},"inLanguage":"pt-BR","potentialAction":[{"@type":"ReadAction","target":["https:\/\/edyrio.com\/abcpampa\/prestacao-de-contas\/"]}]},{"@type":"BreadcrumbList","@id":"https:\/\/edyrio.com\/abcpampa\/prestacao-de-contas\/#breadcrumb","itemListElement":[{"@type":"ListItem","position":1,"name":"In\u00edcio","item":"https:\/\/edyrio.com\/abcpampa\/"},{"@type":"ListItem","position":2,"name":"Presta\u00e7\u00e3o de Contas"}]},{"@type":"WebSite","@id":"https:\/\/edyrio.com\/abcpampa\/#website","url":"https:\/\/edyrio.com\/abcpampa\/","name":"ABCPAMPA - Associa\u00e7\u00e3o Brasileira dos Criadores do Cavalo Pampa","description":"Associa\u00e7\u00e3o foi criada para fomentar a cria\u00e7\u00e3o do cavalo Pampa em todo o pa\u00eds, congregando criadores, propriet\u00e1rios e usu\u00e1rios, realizando e supervisionando o Servi\u00e7o de Registro Geneal\u00f3gico, promovendo exposi\u00e7\u00f5es e leil\u00f5es, apoiando pesquisas, simp\u00f3sios, congressos e semin\u00e1rios em torno do cavalo Pampa.","publisher":{"@id":"https:\/\/edyrio.com\/abcpampa\/#organization"},"potentialAction":[{"@type":"SearchAction","target":{"@type":"EntryPoint","urlTemplate":"https:\/\/edyrio.com\/abcpampa\/?s={search_term_string}"},"query-input":"required name=search_term_string"}],"inLanguage":"pt-BR"},{"@type":"Organization","@id":"https:\/\/edyrio.com\/abcpampa\/#organization","name":"ABCPAMPA - Associa\u00e7\u00e3o Brasileira dos Criadores do Cavalo Pampa","url":"https:\/\/edyrio.com\/abcpampa\/","logo":{"@type":"ImageObject","inLanguage":"pt-BR","@id":"https:\/\/edyrio.com\/abcpampa\/#\/schema\/logo\/image\/","url":"https:\/\/edyrio.com\/abcpampa\/wp-content\/uploads\/2023\/02\/logo.png","contentUrl":"https:\/\/edyrio.com\/abcpampa\/wp-content\/uploads\/2023\/02\/logo.png","width":2366,"height":624,"caption":"ABCPAMPA - Associa\u00e7\u00e3o Brasileira dos Criadores do Cavalo Pampa"},"image":{"@id":"https:\/\/edyrio.com\/abcpampa\/#\/schema\/logo\/image\/"},"sameAs":["https:\/\/www.facebook.com\/abcpampa\/","https:\/\/www.youtube.com\/user\/abcpampa"]}]}},"_links":{"self":[{"href":"https:\/\/edyrio.com\/abcpampa\/wp-json\/wp\/v2\/pages\/267","targetHints":{"allow":["GET"]}}],"collection":[{"href":"https:\/\/edyrio.com\/abcpampa\/wp-json\/wp\/v2\/pages"}],"about":[{"href":"https:\/\/edyrio.com\/abcpampa\/wp-json\/wp\/v2\/types\/page"}],"author":[{"embeddable":true,"href":"https:\/\/edyrio.com\/abcpampa\/wp-json\/wp\/v2\/users\/3"}],"replies":[{"embeddable":true,"href":"https:\/\/edyrio.com\/abcpampa\/wp-json\/wp\/v2\/comments?post=267"}],"version-history":[{"count":0,"href":"https:\/\/edyrio.com\/abcpampa\/wp-json\/wp\/v2\/pages\/267\/revisions"}],"wp:attachment":[{"href":"https:\/\/edyrio.com\/abcpampa\/wp-json\/wp\/v2\/media?parent=267"}],"curies":[{"name":"wp","href":"https:\/\/api.w.org\/{rel}","templated":true}]}}

Prestação de Contas

<div data-elementor-type="wp-page" data-elementor-id="267" class="elementor elementor-267">
									<section class="elementor-section elementor-top-section elementor-element elementor-element-3d5818a6 elementor-section-boxed elementor-section-height-default elementor-section-height-default" data-id="3d5818a6" data-element_type="section">
						<div class="elementor-container elementor-column-gap-default">
					<div class="elementor-column elementor-col-100 elementor-top-column elementor-element elementor-element-680d2029" data-id="680d2029" data-element_type="column">
			<div class="elementor-widget-wrap elementor-element-populated">
								<div class="elementor-element elementor-element-b92fc06 elementor-widget elementor-widget-heading" data-id="b92fc06" data-element_type="widget" data-widget_type="heading.default">
				<div class="elementor-widget-container">
			<style>/*! elementor - v3.12.1 - 02-04-2023 */
.elementor-heading-title{padding:0;margin:0;line-height:1}.elementor-widget-heading .elementor-heading-title[class*=elementor-size-]>a{color:inherit;font-size:inherit;line-height:inherit}.elementor-widget-heading .elementor-heading-title.elementor-size-small{font-size:15px}.elementor-widget-heading .elementor-heading-title.elementor-size-medium{font-size:19px}.elementor-widget-heading .elementor-heading-title.elementor-size-large{font-size:29px}.elementor-widget-heading .elementor-heading-title.elementor-size-xl{font-size:39px}.elementor-widget-heading .elementor-heading-title.elementor-size-xxl{font-size:59px}</style><h4 class="elementor-heading-title elementor-size-default">Balanço Patrimonial Resumido ABCPAMPA 2010-2011</h4>		</div>
				</div>
				<div class="elementor-element elementor-element-aa4cd9e elementor-widget elementor-widget-html" data-id="aa4cd9e" data-element_type="widget" data-widget_type="html.default">
				<div class="elementor-widget-container">
			<iframe loading="lazy" src="https://edyrio.com/abcpampa/wp-content/uploads/2023/03/abcpampa-prestacao-de-contas-balanco-resumido-2012.pdf" width="100%" height="750"></iframe>		</div>
				</div>
					</div>
		</div>
							</div>
		</section>
							</div>

<p>Balanço Patrimonial Resumido ABCPAMPA 2010-2011</p>

<!-- This site is optimized with the Yoast SEO plugin v20.5 - https://yoast.com/wordpress/plugins/seo/ -->
<title>Prestação de Contas - Associação Brasileira dos Criadores do Cavalo Pampa - ABCPAMPA</title>
<meta name="robots" content="index, follow, max-snippet:-1, max-image-preview:large, max-video-preview:-1" />
<link rel="canonical" href="https://edyrio.com/abcpampa/prestacao-de-contas/" />
<meta property="og:locale" content="pt_BR" />
<meta property="og:type" content="article" />
<meta property="og:title" content="Prestação de Contas - Associação Brasileira dos Criadores do Cavalo Pampa - ABCPAMPA" />
<meta property="og:description" content="Balanço Patrimonial Resumido ABCPAMPA 2010-2011" />
<meta property="og:url" content="https://edyrio.com/abcpampa/prestacao-de-contas/" />
<meta property="og:site_name" content="Associação Brasileira dos Criadores do Cavalo Pampa - ABCPAMPA" />
<meta property="article:publisher" content="https://www.facebook.com/abcpampa/" />
<meta property="article:modified_time" content="2023-03-06T23:09:16+00:00" />
<meta name="twitter:card" content="summary_large_image" />
<meta name="twitter:label1" content="Est. tempo de leitura" />
	<meta name="twitter:data1" content="1 minuto" />
<script type="application/ld+json" class="yoast-schema-graph">{"@context":"https://schema.org","@graph":[{"@type":"WebPage","@id":"https://edyrio.com/abcpampa/prestacao-de-contas/","url":"https://edyrio.com/abcpampa/prestacao-de-contas/","name":"Prestação de Contas - Associação Brasileira dos Criadores do Cavalo Pampa - ABCPAMPA","isPartOf":{"@id":"https://edyrio.com/abcpampa/#website"},"datePublished":"2023-03-06T22:53:04+00:00","dateModified":"2023-03-06T23:09:16+00:00","breadcrumb":{"@id":"https://edyrio.com/abcpampa/prestacao-de-contas/#breadcrumb"},"inLanguage":"pt-BR","potentialAction":[{"@type":"ReadAction","target":["https://edyrio.com/abcpampa/prestacao-de-contas/"]}]},{"@type":"BreadcrumbList","@id":"https://edyrio.com/abcpampa/prestacao-de-contas/#breadcrumb","itemListElement":[{"@type":"ListItem","position":1,"name":"Início","item":"https://edyrio.com/abcpampa/"},{"@type":"ListItem","position":2,"name":"Prestação de Contas"}]},{"@type":"WebSite","@id":"https://edyrio.com/abcpampa/#website","url":"https://edyrio.com/abcpampa/","name":"ABCPAMPA - Associação Brasileira dos Criadores do Cavalo Pampa","description":"Associação foi criada para fomentar a criação do cavalo Pampa em todo o país, congregando criadores, proprietários e usuários, realizando e supervisionando o Serviço de Registro Genealógico, promovendo exposições e leilões, apoiando pesquisas, simpósios, congressos e seminários em torno do cavalo Pampa.","publisher":{"@id":"https://edyrio.com/abcpampa/#organization"},"potentialAction":[{"@type":"SearchAction","target":{"@type":"EntryPoint","urlTemplate":"https://edyrio.com/abcpampa/?s={search_term_string}"},"query-input":"required name=search_term_string"}],"inLanguage":"pt-BR"},{"@type":"Organization","@id":"https://edyrio.com/abcpampa/#organization","name":"ABCPAMPA - Associação Brasileira dos Criadores do Cavalo Pampa","url":"https://edyrio.com/abcpampa/","logo":{"@type":"ImageObject","inLanguage":"pt-BR","@id":"https://edyrio.com/abcpampa/#/schema/logo/image/","url":"https://edyrio.com/abcpampa/wp-content/uploads/2023/02/logo.png","contentUrl":"https://edyrio.com/abcpampa/wp-content/uploads/2023/02/logo.png","width":2366,"height":624,"caption":"ABCPAMPA - Associação Brasileira dos Criadores do Cavalo Pampa"},"image":{"@id":"https://edyrio.com/abcpampa/#/schema/logo/image/"},"sameAs":["https://www.facebook.com/abcpampa/","https://www.youtube.com/user/abcpampa"]}]}</script>
<!-- / Yoast SEO plugin. -->

Prestação de Contas - Associação Brasileira dos Criadores do Cavalo Pampa - ABCPAMPA

Balanço Patrimonial Resumido ABCPAMPA 2010-2011

Associação Brasileira dos Criadores do Cavalo Pampa - ABCPAMPA

Início

ABCPAMPA - Associação Brasileira dos Criadores do Cavalo Pampa

Associação foi criada para fomentar a criação do cavalo Pampa em todo o país, congregando criadores, proprietários e usuários, realizando e supervisionando o Serviço de Registro Genealógico, promovendo exposições e leilões, apoiando pesquisas, simpósios, congressos e seminários em torno do cavalo Pampa.
